{"id":19,"date":"2025-06-06T09:37:38","date_gmt":"2025-06-06T09:37:38","guid":{"rendered":"http:\/\/topoffice.ch\/?page_id=19"},"modified":"2025-06-06T09:57:04","modified_gmt":"2025-06-06T09:57:04","slug":"startseite","status":"publish","type":"page","link":"https:\/\/www.topoffice.ch\/?page_id=19","title":{"rendered":"Startseite"},"content":{"rendered":"\n<p>Sch\u00f6n, dass Sie uns besuchen\u2026<\/p>\n\n\n\n<figure class=\"wp-block-image size-large\"><img alt=\"\" loading=\"lazy\" decoding=\"async\" width=\"1024\" height=\"700\" src=\"http:\/\/topoffice.ch\/wp-content\/uploads\/2025\/06\/Bueroarbeiten-Beleuchtung-1024x700.jpg\" alt=\"\" class=\"wp-image-11\" srcset=\"https:\/\/www.topoffice.ch\/wp-content\/uploads\/2025\/06\/Bueroarbeiten-Beleuchtung-1024x700.jpg 1024w, https:\/\/www.topoffice.ch\/wp-content\/uploads\/2025\/06\/Bueroarbeiten-Beleuchtung-300x205.jpg 300w, https:\/\/www.topoffice.ch\/wp-content\/uploads\/2025\/06\/Bueroarbeiten-Beleuchtung-768x525.jpg 768w, https:\/\/www.topoffice.ch\/wp-content\/uploads\/2025\/06\/Bueroarbeiten-Beleuchtung.jpg 1280w\" sizes=\"auto, (max-width: 1024px) 100vw, 1024px\" \/><\/figure>\n\n\n\n<p><em><strong>Geht es Ihnen manchmal auch so?<\/strong><\/em><\/p>\n\n\n\n<p><em><strong>Wir erledigen f\u00fcr Sie Sachen, die Sie vielleicht nicht gerne tun&#8230;<\/strong><\/em>&nbsp;<\/p>\n\n\n\n<p>&#8230;n\u00e4mlich:<\/p>\n\n\n\n<p><strong>&#8230;Steuererkl\u00e4rungen<\/strong><\/p>\n\n\n\n<p><strong>&#8230;Buchhaltungen<\/strong><\/p>\n\n\n\n<p><strong>&#8230;Mehrwersteuerabrechnungen<\/strong><\/p>\n\n\n\n<p><strong>&#8230;Lohnabrechnungen<\/strong><\/p>\n\n\n\n<p><strong>&#8230;Briefe schreiben<\/strong><\/p>\n\n\n\n<p>Profitieren Sie von unserer Erfahrung.<\/p>\n\n\n\n<p><strong><em>\ufeffSagen Sie auch, &#8222;Steuererkl\u00e4rung und Buchhaltung nerven und kosten meine Zeit&#8220;?<\/em><\/strong><\/p>\n\n\n\n<p><strong>&#8230;wir erledigen das f\u00fcr Sie &#8211; schenken Sie uns Ihr Vertrauen!<\/strong><\/p>\n\n\n\n<p>Rufen Sie einfach an:<\/p>\n\n\n\n<p><strong>\uf095&nbsp;<\/strong><strong>079 646 20 81<\/strong><\/p>\n","protected":false},"excerpt":{"rendered":"<p>Sch\u00f6n, dass Sie uns besuchen\u2026 Geht es Ihnen manchmal auch so? Wir erledigen f\u00fcr Sie Sachen, die Sie vielleicht nicht gerne tun&#8230;&nbsp; &#8230;n\u00e4mlich: &#8230;Steuererkl\u00e4rungen &#8230;Buchhaltungen &#8230;Mehrwersteuerabrechnungen &#8230;Lohnabrechnungen &#8230;Briefe schreiben Profitieren &#8230;<\/p>\n","protected":false},"author":1,"featured_media":0,"parent":0,"menu_order":0,"comment_status":"closed","ping_status":"closed","template":"template-frontpage.php","meta":{"_seopress_robots_primary_cat":"","_seopress_titles_title":"","_seopress_titles_desc":"","_seopress_robots_index":"","footnotes":""},"class_list":["post-19","page","type-page","status-publish","hentry"],"_links":{"self":[{"href":"https:\/\/www.topoffice.ch\/index.php?rest_route=\/wp\/v2\/pages\/19","targetHints":{"allow":["GET"]}}],"collection":[{"href":"https:\/\/www.topoffice.ch\/index.php?rest_route=\/wp\/v2\/pages"}],"about":[{"href":"https:\/\/www.topoffice.ch\/index.php?rest_route=\/wp\/v2\/types\/page"}],"author":[{"embeddable":true,"href":"https:\/\/www.topoffice.ch\/index.php?rest_route=\/wp\/v2\/users\/1"}],"replies":[{"embeddable":true,"href":"https:\/\/www.topoffice.ch\/index.php?rest_route=%2Fwp%2Fv2%2Fcomments&post=19"}],"version-history":[{"count":2,"href":"https:\/\/www.topoffice.ch\/index.php?rest_route=\/wp\/v2\/pages\/19\/revisions"}],"predecessor-version":[{"id":21,"href":"https:\/\/www.topoffice.ch\/index.php?rest_route=\/wp\/v2\/pages\/19\/revisions\/21"}],"wp:attachment":[{"href":"https:\/\/www.topoffice.ch\/index.php?rest_route=%2Fwp%2Fv2%2Fmedia&parent=19"}],"curies":[{"name":"wp","href":"https:\/\/api.w.org\/{rel}","templated":true}]}}