{"id":1423,"date":"2016-02-12T08:13:33","date_gmt":"2016-02-12T08:13:33","guid":{"rendered":"http:\/\/demos.famethemes.com\/onepress\/?page_id=26"},"modified":"2025-06-25T08:11:05","modified_gmt":"2025-06-25T08:11:05","slug":"service-title-4","status":"publish","type":"page","link":"https:\/\/www.topoffice.ch\/?page_id=1423","title":{"rendered":"Briefverkehr mit Beh\u00f6rden, Versicherungen etc."},"content":{"rendered":"\n<p><strong>Profitieren sie von unserer Erfahrung<\/strong><\/p>\n\n\n\n<p>Brauchen Sie Unterst\u00fctzung beim Erstellen einer Anfrage, Einsprache oder sonstige Dokumente im Zusammenhang mit Beh\u00f6rden und Versicherungen.<\/p>\n\n\n\n<p>Wir sind f\u00fcr sie da. <\/p>\n\n\n\n<p><\/p>\n","protected":false},"excerpt":{"rendered":"<p>Profitieren sie von unserer Erfahrung Brauchen Sie Unterst\u00fctzung beim Erstellen einer Anfrage, Einsprache oder sonstige Dokumente im Zusammenhang mit Beh\u00f6rden und Versicherungen. Wir sind f\u00fcr sie da.<\/p>\n","protected":false},"author":2,"featured_media":0,"parent":0,"menu_order":0,"comment_status":"closed","ping_status":"closed","template":"","meta":{"_seopress_robots_primary_cat":"","_seopress_titles_title":"","_seopress_titles_desc":"","_seopress_robots_index":"","footnotes":""},"class_list":["post-1423","page","type-page","status-publish","hentry"],"_links":{"self":[{"href":"https:\/\/www.topoffice.ch\/index.php?rest_route=\/wp\/v2\/pages\/1423","targetHints":{"allow":["GET"]}}],"collection":[{"href":"https:\/\/www.topoffice.ch\/index.php?rest_route=\/wp\/v2\/pages"}],"about":[{"href":"https:\/\/www.topoffice.ch\/index.php?rest_route=\/wp\/v2\/types\/page"}],"author":[{"embeddable":true,"href":"https:\/\/www.topoffice.ch\/index.php?rest_route=\/wp\/v2\/users\/2"}],"replies":[{"embeddable":true,"href":"https:\/\/www.topoffice.ch\/index.php?rest_route=%2Fwp%2Fv2%2Fcomments&post=1423"}],"version-history":[{"count":6,"href":"https:\/\/www.topoffice.ch\/index.php?rest_route=\/wp\/v2\/pages\/1423\/revisions"}],"predecessor-version":[{"id":1805,"href":"https:\/\/www.topoffice.ch\/index.php?rest_route=\/wp\/v2\/pages\/1423\/revisions\/1805"}],"wp:attachment":[{"href":"https:\/\/www.topoffice.ch\/index.php?rest_route=%2Fwp%2Fv2%2Fmedia&parent=1423"}],"curies":[{"name":"wp","href":"https:\/\/api.w.org\/{rel}","templated":true}]}}